{"id":154,"date":"2018-02-10T21:53:48","date_gmt":"2018-02-10T20:53:48","guid":{"rendered":"http:\/\/fictif.duckdns.org\/wordpress\/?page_id=154"},"modified":"2024-06-12T16:43:44","modified_gmt":"2024-06-12T14:43:44","slug":"tarifs-chant-guitare","status":"publish","type":"page","link":"https:\/\/www.culturaviva.fr\/index.php\/tarifs-chant-guitare\/","title":{"rendered":"Tarifs atelier de chant et guitare"},"content":{"rendered":"<div class=\"entry-content\">\n<p style=\"text-align: justify;\">Tarifs des cours de chant avec guitare : la cotisation annuelle est de 180\u00a0\u20ac, payable en une ou deux fois.<\/p>\n<p style=\"text-align: justify;\">Si vous souhaitez participer \u00e0 plusieurs activit\u00e9s, la cotisation par activit\u00e9 suppl\u00e9mentaire est de 60\u00a0\u20ac.<\/p>\n<p style=\"text-align: justify;\"><em>Exemples<\/em> : cotisation annuelle de 240 \u20ac pour chant + langue et cotisation annuelle de 300\u00a0\u20ac pour 3 activit\u00e9s.<\/p>\n<\/div>\n","protected":false},"excerpt":{"rendered":"<p>Tarifs des cours de chant avec guitare : la cotisation annuelle est de 180\u00a0\u20ac, payable en une ou deux fois. Si vous souhaitez participer \u00e0 plusieurs activit\u00e9s, la cotisation par activit\u00e9 suppl\u00e9mentaire est de 60\u00a0\u20ac. Exemples : cotisation annuelle de 240 \u20ac pour chant + langue et cotisation annuelle de 300\u00a0\u20ac pour 3 activit\u00e9s.<\/p>\n","protected":false},"author":1,"featured_media":0,"parent":0,"menu_order":0,"comment_status":"closed","ping_status":"closed","template":"","meta":{"footnotes":""},"class_list":["post-154","page","type-page","status-publish","hentry"],"_links":{"self":[{"href":"https:\/\/www.culturaviva.fr\/index.php\/wp-json\/wp\/v2\/pages\/154","targetHints":{"allow":["GET"]}}],"collection":[{"href":"https:\/\/www.culturaviva.fr\/index.php\/wp-json\/wp\/v2\/pages"}],"about":[{"href":"https:\/\/www.culturaviva.fr\/index.php\/wp-json\/wp\/v2\/types\/page"}],"author":[{"embeddable":true,"href":"https:\/\/www.culturaviva.fr\/index.php\/wp-json\/wp\/v2\/users\/1"}],"replies":[{"embeddable":true,"href":"https:\/\/www.culturaviva.fr\/index.php\/wp-json\/wp\/v2\/comments?post=154"}],"version-history":[{"count":3,"href":"https:\/\/www.culturaviva.fr\/index.php\/wp-json\/wp\/v2\/pages\/154\/revisions"}],"predecessor-version":[{"id":1335,"href":"https:\/\/www.culturaviva.fr\/index.php\/wp-json\/wp\/v2\/pages\/154\/revisions\/1335"}],"wp:attachment":[{"href":"https:\/\/www.culturaviva.fr\/index.php\/wp-json\/wp\/v2\/media?parent=154"}],"curies":[{"name":"wp","href":"https:\/\/api.w.org\/{rel}","templated":true}]}}

<div class="entry-content">
<p style="text-align: justify;">Tarifs des cours de chant avec guitare : la cotisation annuelle est de 180 €, payable en une ou deux fois.</p>
<p style="text-align: justify;">Si vous souhaitez participer à plusieurs activités, la cotisation par activité supplémentaire est de 60 €.</p>
<p style="text-align: justify;"><em>Exemples</em> : cotisation annuelle de 240 € pour chant + langue et cotisation annuelle de 300 € pour 3 activités.</p>
</div>

<p>Tarifs des cours de chant avec guitare : la cotisation annuelle est de 180 €, payable en une ou deux fois. Si vous souhaitez participer à plusieurs activités, la cotisation par activité supplémentaire est de 60 €. Exemples : cotisation annuelle de 240 € pour chant + langue et cotisation annuelle de 300 € pour 3 activités.</p>
