{"id":201,"date":"2018-02-11T12:38:05","date_gmt":"2018-02-11T11:38:05","guid":{"rendered":"http:\/\/fictif.duckdns.org\/wordpress\/?page_id=201"},"modified":"2018-02-11T12:38:05","modified_gmt":"2018-02-11T11:38:05","slug":"liens-informatique","status":"publish","type":"page","link":"https:\/\/www.culturaviva.fr\/index.php\/liens-informatique\/","title":{"rendered":"Liens vers les sites d&rsquo;informatique"},"content":{"rendered":"<p style=\"text-align: justify;\"><a href=\"http:\/\/www.hoaxbuster.com\/\" target=\"_blank\" rel=\"noopener\">HoaxBuster<\/a><br \/>\n<em>Premi\u00e8re ressource francophone sur les canulars du Web. Fausses alertes aux virus ; fausses cha\u00eenes de solidarit\u00e9 ; fausses promesses ; fausses informations ; les hoax prennent toutes les formes. Apprenez \u00e0 les rep\u00e9rer dans la rubrique \u00ab\u00a0<a href=\"http:\/\/www.hoaxbuster.com\/hoaxcenter\/varietes\" target=\"_blank\" rel=\"noopener\">Vari\u00e9t\u00e9s<\/a>\u00ab\u00a0.<\/em><\/p>\n<p style=\"text-align: justify;\"><a href=\"http:\/\/www.7-zip.org\/\" target=\"_blank\" rel=\"noopener\">7-zip<\/a><em> (utilisable en langue corse <span style=\"color: #008000;\"><strong>[*]<\/strong><\/span>)<br \/>\nLogiciel gratuit d&rsquo;archivage de fichiers avec un taux de compression tr\u00e8s \u00e9lev\u00e9. <a href=\"https:\/\/fr.wikipedia.org\/wiki\/7-Zip\" target=\"_blank\" rel=\"noopener\"><span style=\"color: #0000ff;\">Information en fran\u00e7ais sur Wikipedia<\/span><\/a>.<\/em><\/p>\n<p style=\"text-align: justify;\"><a href=\"https:\/\/get.adobe.com\/fr\/reader\/\" target=\"_blank\" rel=\"noopener\">Acrobat Reader<\/a><br \/>\n<em>Adobe Acrobat Reader DC est un outil gratuit qui permet de visualiser, d&rsquo;imprimer et d&rsquo;annoter des PDF de mani\u00e8re tr\u00e8s fiable. <a href=\"https:\/\/fr.wikipedia.org\/wiki\/Adobe_Acrobat_DC\" target=\"_blank\" rel=\"noopener\"><span style=\"color: #0000ff;\">Information en fran\u00e7ais sur Wikipedia<\/span><\/a>.<\/em><\/p>\n<p style=\"text-align: justify;\"><a href=\"http:\/\/audacityteam.org\/\" target=\"_blank\" rel=\"noopener\">Audacity<\/a><em> (utilisable en langue corse <span style=\"color: #008000;\"><strong>[*]<\/strong><\/span>)<\/em><br \/>\n<em>Logiciel d&rsquo;enregistrement de son num\u00e9rique et d&rsquo;\u00e9dition de sources audionum\u00e9riques sous diff\u00e9rents formats (mp3, Wave, AIFF, Flac, Ogg&#8230;). <span style=\"color: #0000ff;\"><a style=\"color: #0000ff;\" href=\"https:\/\/fr.wikipedia.org\/wiki\/Audacity\" target=\"_blank\" rel=\"noopener\">Information en fran\u00e7ais sur Wikipedia<\/a>.<\/span><\/em><\/p>\n<p style=\"text-align: justify;\"><a href=\"http:\/\/www.piriform.com\/ccleaner\" target=\"_blank\" rel=\"noopener\">CCleaner<\/a><em> (utilisable en langue corse <span style=\"color: #008000;\"><strong>[*]<\/strong><\/span>)<br \/>\nGratuiciel permettant d&rsquo;optimiser le fonctionnement d&rsquo;un ordinateur muni du syst\u00e8me d&rsquo;exploitation Windows (ou Mac OS\/OS X, mais avec des fonctionnalit\u00e9s r\u00e9duites) et de prot\u00e9ger la vie priv\u00e9e des utilisateurs de l&rsquo;ordinateur.<span style=\"color: #0000ff;\"><a style=\"color: #0000ff;\" href=\"https:\/\/fr.wikipedia.org\/wiki\/CCleaner\" target=\"_blank\" rel=\"noopener\"> Information en fran\u00e7ais sur Wikipedia<\/a>.<\/span><\/em><\/p>\n<p style=\"text-align: justify;\"><a href=\"https:\/\/cdburnerxp.se\/fr\/\" target=\"_blank\" rel=\"noopener\">CDBurnerXP<\/a><br \/>\n<em>Logiciel de gravure gratuit permettant la gravure de CD, de DVD, de Blu-Ray et de HD DVD compatible avec la plupart des graveurs. Il permet \u00e9galement, la cr\u00e9ation et la gravure d&rsquo;une image ISO.<span style=\"color: #0000ff;\"> <a style=\"color: #0000ff;\" href=\"https:\/\/fr.wikipedia.org\/wiki\/CDBurnerXP\">Information en fran\u00e7ais sur Wikipedia<\/a>.<\/span><\/em><\/p>\n<p style=\"text-align: justify;\"><a href=\"http:\/\/cdex.mu\/\" target=\"_blank\" rel=\"noopener\">CDex<\/a><em> (utilisable en langue corse <span style=\"color: #008000;\"><strong>[*]<\/strong><\/span>)<br \/>\nLogiciel libre permettant d&rsquo;encoder les CD audio dans divers formats de compression comme le MP3, le WMA ou leur \u00e9quivalent libre : le OGG ou le FLAC. CDex est distribu\u00e9 en incluant OpenCandy, qui en tant qu&rsquo;adware, peut entrainer l&rsquo;installation de logiciels ind\u00e9sirables, et peut lui-m\u00eame \u00eatre consid\u00e9r\u00e9 comme ind\u00e9sirable. <a href=\"https:\/\/fr.wikipedia.org\/wiki\/CDex\"><span style=\"color: #0000ff;\">Information en fran\u00e7ais sur Wikipedia<\/span><\/a>.<\/em><\/p>\n<p style=\"text-align: justify;\"><a href=\"https:\/\/filezilla-project.org\/index.php\" target=\"_blank\" rel=\"noopener\">FileZilla<\/a><em> (utilisable en langue corse <span style=\"color: #008000;\"><strong>[*]<\/strong><\/span>)<br \/>\nClient FTP, FTPS et SFTP, d\u00e9velopp\u00e9 sous la licence publique g\u00e9n\u00e9rale GNU et disponible pour Windows, Mac OS X et Linux. Il existe \u00e9galement un logiciel de serveur FTP du nom de FileZilla Server. <a href=\"https:\/\/fr.wikipedia.org\/wiki\/FileZilla\" target=\"_blank\" rel=\"noopener\"><span style=\"color: #0000ff;\">Information en fran\u00e7ais sur Wikipedia<\/span><\/a>.<\/em><\/p>\n<p style=\"text-align: justify;\"><a href=\"https:\/\/www.mozilla.org\/fr\/firefox\/\">Firefox<\/a><em> (versions <a href=\"https:\/\/play.google.com\/store\/apps\/details?id=org.mozilla.firefox&amp;hl=fr\" target=\"_blank\" rel=\"noopener\">Android<\/a> et <a href=\"https:\/\/itunes.apple.com\/fr\/app\/firefox-web-browser\/id989804926\" target=\"_blank\" rel=\"noopener\">iOS<\/a> utilisables en langue corse <span style=\"color: #008000;\"><strong>[*]<\/strong><\/span>)<\/em><br \/>\n<em>Navigateur web libre et gratuit, d\u00e9velopp\u00e9 et distribu\u00e9 par la Mozilla Foundation avec l&rsquo;aide de milliers de b\u00e9n\u00e9voles, gr\u00e2ce aux m\u00e9thodes de d\u00e9veloppement du logiciel libre\/open source et \u00e0 la libert\u00e9 du code source. <span style=\"color: #0000ff;\"><a style=\"color: #0000ff;\" href=\"https:\/\/fr.wikipedia.org\/wiki\/Mozilla_Firefox\" target=\"_blank\" rel=\"noopener\">Information en fran\u00e7ais sur Wikipedia<\/a><\/span>.<\/em><\/p>\n<p style=\"text-align: justify;\"><a href=\"https:\/\/www.freac.org\/\" target=\"_blank\" rel=\"noopener\">fre:ac<\/a><em> (utilisable en langue corse <span style=\"color: #008000;\"><strong>[*]<\/strong><\/span>)<br \/>\nfre:ac (anciennement BonkEnc) est un convertisseur audio gratuit et un extracteur CD pour Microsoft Windows, Linux, macOS et FreeBSD. <a href=\"https:\/\/en.wikipedia.org\/wiki\/Fre:ac\" target=\"_blank\" rel=\"noopener\"><span style=\"color: #800080;\">Information en anglais sur Wikipedia<\/span><\/a>.<\/em><\/p>\n<p><a href=\"https:\/\/www.freedownloadmanager.org\/\" target=\"_blank\" rel=\"noopener\">Free Download Manager<\/a><br \/>\n<em>FDM (anciennement 3wGet) est un logiciel de gestion de t\u00e9l\u00e9chargements gratuit et open source pour Microsoft Windows. <a href=\"https:\/\/fr.wikipedia.org\/wiki\/Free_Download_Manager\" target=\"_blank\" rel=\"noopener\">Information en fran\u00e7ais sur Wikipedia<\/a>.<\/em><\/p>\n<p><a href=\"https:\/\/geneweb.tuxfamily.org\/wiki\/GeneWeb\/fr\" target=\"_blank\" rel=\"noopener\">GeneWeb<\/a><em> (utilisable en langue corse <span style=\"color: #008000;\"><strong>[*]<\/strong><\/span>)<br \/>\nGeneWeb est un logiciel de g\u00e9n\u00e9alogie libre qui fonctionne dans l\u2019environnement Unix, Linux, Windows, macOS. Il fonctionne \u00e0 partir d\u2019un serveur web l\u00e9ger qui peut g\u00e9rer plusieurs bases g\u00e9n\u00e9alogiques. Son interface utilisateur multilingue &#8211; dont le corse &#8211; permet la saisie d\u2019un nombre illimit\u00e9 de personnes, familles et \u00e9v\u00e8nements \u00e0 partir d&rsquo;un navigateur web standard.. <a href=\"https:\/\/fr.wikipedia.org\/wiki\/Geneweb\" target=\"_blank\" rel=\"noopener\">Information en fran\u00e7ais sur Wikipedia<\/a>.<\/em><\/p>\n<p><a href=\"https:\/\/handbrake.fr\/\" target=\"_blank\" rel=\"noopener\"><em>HandBrake<\/em><\/a><em> (utilisable en langue corse <span style=\"color: #008000;\"><strong>[*]<\/strong><\/span>)<br \/>\nHandBrake est utilis\u00e9 pour transcoder une source vid\u00e9o. Il peut aussi servir \u00e0 extraire un film d&rsquo;un DVD ou disque Blu-Ray non prot\u00e9g\u00e9 dans un fichier vid\u00e9o MPEG-4 ou Mastroska. Pour cela, il poss\u00e8de plusieurs fonctionnalit\u00e9s et des r\u00e9glages pr\u00e9enregistr\u00e9s pour faciliter son utilisation. <a href=\"https:\/\/fr.wikipedia.org\/wiki\/HandBrake\" target=\"_blank\" rel=\"noopener\">Information en fran\u00e7ais sur Wikipedia<\/a>.<\/em><\/p>\n<p style=\"text-align: justify;\"><a href=\"https:\/\/fr.libreoffice.org\/\" target=\"_blank\" rel=\"noopener\">LibreOffice<\/a><br \/>\n<em>Int\u00e9gr\u00e9 bureautique compos\u00e9 d&rsquo;un ensemble de modules pouvant interagir entre eux pour cr\u00e9er et modifier des documents bureautiques, tels que des textes mis en forme, des tableaux de chiffres, des pr\u00e9sentations, des dessins. Alternative libre et gratuite \u00e0 Microsoft Office. <span style=\"color: #0000ff;\"><a style=\"color: #0000ff;\" href=\"https:\/\/fr.wikipedia.org\/wiki\/LibreOffice\" target=\"_blank\" rel=\"noopener\">Information en fran\u00e7ais sur Wikipedia<\/a><\/span>.<\/em><\/p>\n<p style=\"text-align: justify;\"><a href=\"https:\/\/sourceforge.net\/projects\/guliverkli\/files\/Media%20Player%20Classic\/\" target=\"_blank\" rel=\"noopener\">Media Player Classic<\/a><br \/>\n<em>MPC est un lecteur multim\u00e9dia qui fonctionne sous Windows. Il pr\u00e9sente le triple avantage d\u2019\u00eatre tr\u00e8s l\u00e9ger, d\u2019offrir de nombreuses possibilit\u00e9s, et d\u2019\u00eatre non intrusif. <a href=\"https:\/\/fr.wikipedia.org\/wiki\/Media_Player_Classic\" target=\"_blank\" rel=\"noopener\"><span style=\"color: #0000ff;\">Information en fran\u00e7ais sur Wikipedia<\/span><\/a>.<\/em><\/p>\n<p style=\"text-align: justify;\"><a href=\"http:\/\/www.mp3tag.de\/en\/\" target=\"_blank\" rel=\"noopener\">Mp3tag<\/a><em> (utilisable en langue corse <span style=\"color: #008000;\"><strong>[*]<\/strong><\/span>)<br \/>\n\u00c9diteur de tags ID3v1, ID3v2.3 et ID3v2.4 sous Windows, distribu\u00e9 gratuitement, le programme g\u00e8re de nombreux formats audio. <a href=\"https:\/\/fr.wikipedia.org\/wiki\/Mp3tag\" target=\"_blank\" rel=\"noopener\"><span style=\"color: #0000ff;\">Information en fran\u00e7ais sur Wikipedia<\/span><\/a>.<\/em><\/p>\n<p style=\"text-align: justify;\"><a href=\"https:\/\/notepad-plus-plus.org\/fr\/\" target=\"_blank\" rel=\"noopener\">Notepad++<\/a><em> (utilisable en langue corse <span style=\"color: #008000;\"><strong>[*]<\/strong><\/span>)<br \/>\n\u00c9diteur de texte libre g\u00e9n\u00e9rique, fonctionnant sous Windows, cod\u00e9 en C++, qui int\u00e8gre la coloration syntaxique de code source pour de tr\u00e8s nombreux langages et fichiers ainsi que pour tout autre langage informatique, car ce logiciel propose la possibilit\u00e9 de cr\u00e9er ses propres colorations syntaxiques pour un langage quelconque. <a href=\"https:\/\/fr.wikipedia.org\/wiki\/Notepad%2B%2B\" target=\"_blank\" rel=\"noopener\"><span style=\"color: #0000ff;\">Information en fran\u00e7ais sur Wikipedia<\/span><\/a>.<\/em><\/p>\n<p style=\"text-align: justify;\"><a href=\"http:\/\/www.omegat.org\/fr\/omegat.html\" target=\"_blank\" rel=\"noopener\">OmegaT<\/a><em> (utilisable en langue corse <span style=\"color: #008000;\"><strong>[*]<\/strong><\/span>)<\/em><br \/>\n<em>Outil de traduction assist\u00e9e par ordinateur (TAO) \u00e9crit dans le langage de programmation Java et proposant de nombreuses fonctionnalit\u00e9s avanc\u00e9es. <a href=\"https:\/\/fr.wikipedia.org\/wiki\/OmegaT\" target=\"_blank\" rel=\"noopener\"><span style=\"color: #0000ff;\">Information en fran\u00e7ais sur Wikipedia<\/span><\/a>.<\/em><\/p>\n<p style=\"text-align: justify;\"><a href=\"http:\/\/www.openoffice.org\/fr\/\" target=\"_blank\" rel=\"noopener\">OpenOffice<\/a><br \/>\n<em>OpenOffice.org est une suite bureautique, c\u2019est-\u00e0-dire un ensemble de modules pouvant interagir entre eux pour cr\u00e9er et modifier des documents bureautiques, tels que des articles, des lettres, des tableaux de chiffres, ou des pr\u00e9sentations. <a href=\"https:\/\/fr.wikipedia.org\/wiki\/OpenOffice.org\" target=\"_blank\" rel=\"noopener\"><span style=\"color: #0000ff;\">Information en fran\u00e7ais sur Wikipedia<\/span><\/a>.<\/em><\/p>\n<p style=\"text-align: justify;\"><a href=\"http:\/\/www.pdfsam.org\/\" target=\"_blank\" rel=\"noopener\">PDF Split and Merge<\/a><em> (utilisable en langue corse <strong><span style=\"color: #008000;\">[*]<\/span><\/strong>)<br \/>\nPDFsam est un programme multit\u00e2che permettant de fusionner, couper, faire pivoter, sauvegarder, et m\u00eame d&rsquo;extraire des sections de fichiers PDF. <a href=\"https:\/\/fr.wikipedia.org\/wiki\/PDF_Split_and_Merge\" target=\"_blank\" rel=\"noopener\">Information en fran\u00e7ais sur Wikipedia<\/a>.<\/em><\/p>\n<p style=\"text-align: justify;\"><a href=\"http:\/\/www.pdfforge.org\/pdfcreator\" target=\"_blank\" rel=\"noopener\">PDFCreator<\/a><em> (utilisable en langue corse <span style=\"color: #008000;\"><strong>[*]<\/strong><\/span>)<br \/>\nLogiciel libre, utilisant une imprimante virtuelle, qui permet de convertir des fichiers imprimables en fichiers PDF pour les applications Windows. <a href=\"https:\/\/fr.wikipedia.org\/wiki\/PDFCreator\" target=\"_blank\" rel=\"noopener\"><span style=\"color: #0000ff;\">Information en fran\u00e7ais sur Wikipedia<\/span><\/a>.<\/em><\/p>\n<p style=\"text-align: justify;\"><a href=\"http:\/\/www.poedit.net\/\" target=\"_blank\" rel=\"noopener\">Poedit<\/a><em> (utilisable en langue corse <span style=\"color: #008000;\"><strong>[*]<\/strong><\/span>)<br \/>\nPoedit (anciennement poEdit) est un logiciel \u00e9diteur libre de catalogues gettext textuels (fichiers .po) multi-plateforme. <a href=\"https:\/\/fr.wikipedia.org\/wiki\/Poedit\" target=\"_blank\" rel=\"noopener\"><span style=\"color: #0000ff;\">Information en fran\u00e7ais sur Wikipedia<\/span><\/a>.<\/em><\/p>\n<p style=\"text-align: justify;\"><a href=\"https:\/\/www.sumatrapdfreader.org\/free-pdf-reader.html\" target=\"_blank\" rel=\"noopener\">Sumatra PDF<\/a><em> (utilisable en langue corse <span style=\"color: #008000;\"><strong>[*]<\/strong><\/span>)<\/em><br \/>\n<em>Lecteur libre, gratuit et l\u00e9ger de fichiers PDF et de livres num\u00e9riques. Il supporte les formats eBook (ePub, Mobi), XPS, DjVu, CHM, Comic Book (CBZ et CBR). <a href=\"https:\/\/fr.wikipedia.org\/wiki\/Sumatra_PDF\" target=\"_blank\" rel=\"noopener\"><span style=\"color: #0000ff;\">Information en fran\u00e7ais sur Wikipedia<\/span><\/a>.<\/em><\/p>\n<p style=\"text-align: justify;\"><a href=\"https:\/\/www.mozilla.org\/fr\/thunderbird\/\" target=\"_blank\" rel=\"noopener\">Thunderbird<\/a><br \/>\n<em>Client de messagerie et de messagerie instantan\u00e9e, libre, distribu\u00e9 gratuitement par la fondation Mozilla, et issu du projet Mozilla. Le projet est uniquement consacr\u00e9 au courrier \u00e9lectronique, aux groupes de discussion et aux flux RSS et Atom. <a href=\"https:\/\/fr.wikipedia.org\/wiki\/Mozilla_Thunderbird\" target=\"_blank\" rel=\"noopener\"><span style=\"color: #0000ff;\">Information en fran\u00e7ais sur Wikipedia<\/span><\/a>.<\/em><\/p>\n<p style=\"text-align: justify;\"><a href=\"http:\/\/tuxguitar.com.ar\/\" target=\"_blank\" rel=\"noopener\">TuxGuitar<\/a><br \/>\n<em>Logiciel libre qui permet d&rsquo;\u00e9diter des partitions et des tablatures de guitare et d&rsquo;autres instruments. Il permet d&rsquo;importer et d&rsquo;exporter les fichiers cr\u00e9\u00e9s avec Guitar Pro et Power Tab Editor mais aussi des fichiers au format MIDI et de les retranscrire en tablatures. <a href=\"https:\/\/fr.wikipedia.org\/wiki\/TuxGuitar\" target=\"_blank\" rel=\"noopener\"><span style=\"color: #0000ff;\">Information en fran\u00e7ais sur Wikipedia<\/span><\/a>.<\/em><\/p>\n<p style=\"text-align: justify;\"><a href=\"http:\/\/www.videolan.org\/vlc\/\" target=\"_blank\" rel=\"noopener\">VLC media player<\/a><em> (versions <a href=\"https:\/\/play.google.com\/store\/apps\/details?id=org.videolan.vlc\" target=\"_blank\" rel=\"noopener\">Android<\/a> et <a href=\"https:\/\/itunes.apple.com\/fr\/app\/vlc-for-mobile\/id650377962\" target=\"_blank\" rel=\"noopener\">iOS<\/a> utilisables en langue corse, version Windows partiellement traduite en langue corse <span style=\"color: #008000;\"><strong>[*]<\/strong><\/span>)<br \/>\nVLC (anciennement VideoLAN Client) est un lecteur multim\u00e9dia libre, issu du projet VideoLAN, et multiplateforme. Il int\u00e8gre les codecs n\u00e9cessaires \u00e0 la lecture de la plupart des formats audio et vid\u00e9o. De plus, le lecteur est capable de lire un grand nombre de flux r\u00e9seaux. <a href=\"https:\/\/fr.wikipedia.org\/wiki\/VLC_media_player\" target=\"_blank\" rel=\"noopener\"><span style=\"color: #0000ff;\">Information en fran\u00e7ais sur Wikipedia<\/span><\/a>.<\/em><\/p>\n<p style=\"text-align: justify;\"><a href=\"http:\/\/wincdemu.sysprogs.org\/\" target=\"_blank\" rel=\"noopener\">WinCDEmu<\/a><em> (utilisable en langue corse <span style=\"color: #008000;\"><strong>[*]<\/strong><\/span>)<br \/>\nApplication Windows tr\u00e8s l\u00e9g\u00e8re qui vous permet de monter des images ISO simplement en double-cliquant sur les fichiers concern\u00e9s depuis l&rsquo;Explorateur Windows. Elle prend \u00e9galement en charge les formats NRG, MDS\/MDF, IMG, CUE et CCD. <a href=\"https:\/\/en.wikipedia.org\/wiki\/WinCDEmu\" target=\"_blank\" rel=\"noopener\"><span style=\"color: #800080;\">Information en anglais sur Wikipedia<\/span><\/a>.<\/em><\/p>\n<p style=\"text-align: justify;\"><strong><span style=\"color: #008000;\">[*]<\/span><\/strong> Concernant les logiciels que l&rsquo;on peut <strong>utiliser en langue corse<\/strong>, vous trouverez plus de d\u00e9tails sur une des deux pages suivantes :<\/p>\n<p style=\"padding-left: 30px;\"><a href=\"https:\/\/github.com\/Patriccollu\/Lingua_Corsa-Infurmatica#readme\" target=\"_blank\" rel=\"noopener\">https:\/\/github.com\/Patriccollu\/Lingua_Corsa-Infurmatica<\/a><\/p>\n<p style=\"padding-left: 30px; text-align: justify;\"><a href=\"https:\/\/sourceforge.net\/u\/patriccollu\/wiki\/Home\/#669b\" target=\"_blank\" rel=\"noopener\">https:\/\/sourceforge.net\/u\/patriccollu\/wiki\/Home<\/a><\/p>\n","protected":false},"excerpt":{"rendered":"<p>HoaxBuster Premi\u00e8re ressource francophone sur les canulars du Web. Fausses alertes aux virus ; fausses cha\u00eenes de solidarit\u00e9 ; fausses promesses ; fausses informations ; les hoax prennent toutes les formes. Apprenez \u00e0 les rep\u00e9rer dans la rubrique \u00ab\u00a0Vari\u00e9t\u00e9s\u00ab\u00a0. 7-zip (utilisable en langue corse [*]) Logiciel gratuit d&rsquo;archivage de fichiers avec un taux de compression &hellip; <\/p>\n<p class=\"link-more\"><a href=\"https:\/\/www.culturaviva.fr\/index.php\/liens-informatique\/\" class=\"more-link\">Continuer la lecture<span class=\"screen-reader-text\"> de &laquo;&nbsp;Liens vers les sites d&rsquo;informatique&nbsp;&raquo;<\/span><\/a><\/p>\n","protected":false},"author":1,"featured_media":0,"parent":0,"menu_order":0,"comment_status":"closed","ping_status":"closed","template":"","meta":{"footnotes":""},"class_list":["post-201","page","type-page","status-publish","hentry"],"_links":{"self":[{"href":"https:\/\/www.culturaviva.fr\/index.php\/wp-json\/wp\/v2\/pages\/201","targetHints":{"allow":["GET"]}}],"collection":[{"href":"https:\/\/www.culturaviva.fr\/index.php\/wp-json\/wp\/v2\/pages"}],"about":[{"href":"https:\/\/www.culturaviva.fr\/index.php\/wp-json\/wp\/v2\/types\/page"}],"author":[{"embeddable":true,"href":"https:\/\/www.culturaviva.fr\/index.php\/wp-json\/wp\/v2\/users\/1"}],"replies":[{"embeddable":true,"href":"https:\/\/www.culturaviva.fr\/index.php\/wp-json\/wp\/v2\/comments?post=201"}],"version-history":[{"count":0,"href":"https:\/\/www.culturaviva.fr\/index.php\/wp-json\/wp\/v2\/pages\/201\/revisions"}],"wp:attachment":[{"href":"https:\/\/www.culturaviva.fr\/index.php\/wp-json\/wp\/v2\/media?parent=201"}],"curies":[{"name":"wp","href":"https:\/\/api.w.org\/{rel}","templated":true}]}}