{"id":249,"date":"2018-06-16T14:45:42","date_gmt":"2018-06-16T12:45:42","guid":{"rendered":"http:\/\/culturaviva.fr\/?page_id=249"},"modified":"2026-04-12T01:34:48","modified_gmt":"2026-04-11T23:34:48","slug":"actualites","status":"publish","type":"page","link":"https:\/\/www.culturaviva.fr\/index.php\/actualites\/","title":{"rendered":"Actualit\u00e9s"},"content":{"rendered":"\n<p><strong>Prochaine \u00ab\u00a0serata\u00a0\u00bb Cultura Viva de l&rsquo;ann\u00e9e 2026, vendredi 27 mars \u00e0 partir de 20h \u00e0 la <em>Casa di u Populu Corsu<\/em> (*).<\/strong><\/p>\n\n\n\n<p><em>Si parla, si manghja, si beie \u00e8 si canta corsu<\/em>. Comme d&rsquo;habitude, nous partagerons ce que chacun aura apport\u00e9 \u00e0 manger ou\/et \u00e0 boire.  Famille et amis sont bienvenus.<\/p>\n\n\n\n<hr class=\"wp-block-separator has-css-opacity\"\/>\n\n\n\n<p><strong>Liste d\u00e9taill\u00e9e des ateliers<\/strong><\/p>\n\n\n\n<ul class=\"wp-block-list\">\n<li><a href=\"https:\/\/www.culturaviva.fr\/index.php\/cours-de-langue\/\" data-type=\"page\" data-id=\"28\">Langue<\/a> :\n<ul class=\"wp-block-list\">\n<li>lundi \u00e0 18h30 \u00e0 la Casa d&rsquo;Issy les Moulineaux : d\u00e9butants avec Veronica (COMPLET)<\/li>\n\n\n\n<li>mardi \u00e0 19h \u00e0 la Maison Paroissiale \u00c9tienne Pernet : pratiquants avec Ghjuvan&rsquo;Stefanu<\/li>\n\n\n\n<li>jeudi \u00e0 17h \u00e0 la Casa d&rsquo;Issy les Moulineaux : pratiquants avec Veronica<\/li>\n\n\n\n<li>jeudi 18h30 \u00e0 la Casa d&rsquo;Issy les Moulineaux : interm\u00e9diaires avec Veronica<\/li>\n\n\n\n<li>jeudi \u00e0 20h \u00e0 la Casa d&rsquo;Issy les Moulineaux : d\u00e9butants et interm\u00e9diaires avec Duardu<\/li>\n<\/ul>\n<\/li>\n\n\n\n<li><a href=\"https:\/\/www.culturaviva.fr\/index.php\/cours-de-chant\/\" data-type=\"page\" data-id=\"30\">Polyphonie<\/a> :\n<ul class=\"wp-block-list\">\n<li>lundi \u00e0 18h30 , 7 rue Th\u00e9venin \u00e0 Sarcelles : tous niveaux avec Dum\u00e8<\/li>\n\n\n\n<li>mercredi \u00e0 19h \u00e0 la Casa d&rsquo;issy les Moulineaux : d\u00e9butants avec Benedettu<\/li>\n\n\n\n<li>mercredi \u00e0 20h30 \u00e0 la Casa d&rsquo;Issy les Moulineaux : pratiquants avec Benedettu<\/li>\n<\/ul>\n<\/li>\n\n\n\n<li><a href=\"https:\/\/www.culturaviva.fr\/index.php\/chansons-guitare\/\" data-type=\"page\" data-id=\"38\">Chansons \u00e0 la guitare<\/a> :\n<ul class=\"wp-block-list\">\n<li>deux dimanches par mois \u00e0 la Casa d&rsquo;Issy les Moulineaux : avec Paul&rsquo;Andria (dates et heures \u00e0 d\u00e9finir en fonction de ses disponibilit\u00e9s)<\/li>\n<\/ul>\n<\/li>\n<\/ul>\n\n\n\n<hr class=\"wp-block-separator has-css-opacity\"\/>\n\n\n\n<p><strong>Marc&rsquo;Andria Castellani fera une conf\u00e9rence sur la chanson corse samedi 18 avril \u00e0 17h \u00e0 la <em>Casa di u Populu Corsu<\/em> (*). \u00c0 cette occasion, il d\u00e9dicacera son ouvrage.<\/strong><\/p>\n\n\n\n<p>La manifestation \u00e9tant organis\u00e9e par l&rsquo;association A Casa di u Populu Corsu, inutile d&rsquo;apporter \u00e0 manger ou \u00e0 boire. Il y aura de quoi grignoter. Les boissons sont payantes.<br><br>Les fonds r\u00e9colt\u00e9s permettent d&rsquo;assurer le bon fonctionnement de la casa et le financement d&rsquo;activit\u00e9s culturelles corses.<\/p>\n\n\n\n<hr class=\"wp-block-separator has-alpha-channel-opacity\"\/>\n\n\n\n<p><strong>Stages de polyphonie corse<\/strong><\/p>\n\n\n\n<ul class=\"wp-block-list\">\n<li>anim\u00e9s par Benedettu SAROCCHI<\/li>\n\n\n\n<li>tarif 150 \u20ac<\/li>\n\n\n\n<li>prochain stage : dates \u00e0 d\u00e9finir<\/li>\n\n\n\n<li>informations et inscriptions aupr\u00e8s de <a href=\"https:\/\/www.culturaviva.fr\/index.php\/stages-de-chant\/\" data-type=\"page\" data-id=\"88\">Benedettu<\/a><\/li>\n<\/ul>\n\n\n\n<p>(*) Vous trouverez les adresses compl\u00e8tes des diff\u00e9rents lieux \u00e0 la page <a href=\"https:\/\/www.culturaviva.fr\/index.php\/plans\/\" data-type=\"page\" data-id=\"457\">Plans<\/a>.<\/p>\n\n\n\n<figure class=\"wp-block-gallery has-nested-images columns-default is-cropped wp-block-gallery-1 is-layout-flex wp-block-gallery-is-layout-flex\"><\/figure>\n","protected":false},"excerpt":{"rendered":"<p>Prochaine \u00ab\u00a0serata\u00a0\u00bb Cultura Viva de l&rsquo;ann\u00e9e 2026, vendredi 27 mars \u00e0 partir de 20h \u00e0 la Casa di u Populu Corsu (*). Si parla, si manghja, si beie \u00e8 si canta corsu. Comme d&rsquo;habitude, nous partagerons ce que chacun aura apport\u00e9 \u00e0 manger ou\/et \u00e0 boire. Famille et amis sont bienvenus. Liste d\u00e9taill\u00e9e des ateliers &hellip; <\/p>\n<p class=\"link-more\"><a href=\"https:\/\/www.culturaviva.fr\/index.php\/actualites\/\" class=\"more-link\">Continuer la lecture<span class=\"screen-reader-text\"> de &laquo;&nbsp;Actualit\u00e9s&nbsp;&raquo;<\/span><\/a><\/p>\n","protected":false},"author":1,"featured_media":283,"parent":0,"menu_order":0,"comment_status":"closed","ping_status":"closed","template":"","meta":{"footnotes":""},"class_list":["post-249","page","type-page","status-publish","has-post-thumbnail","hentry"],"_links":{"self":[{"href":"https:\/\/www.culturaviva.fr\/index.php\/wp-json\/wp\/v2\/pages\/249","targetHints":{"allow":["GET"]}}],"collection":[{"href":"https:\/\/www.culturaviva.fr\/index.php\/wp-json\/wp\/v2\/pages"}],"about":[{"href":"https:\/\/www.culturaviva.fr\/index.php\/wp-json\/wp\/v2\/types\/page"}],"author":[{"embeddable":true,"href":"https:\/\/www.culturaviva.fr\/index.php\/wp-json\/wp\/v2\/users\/1"}],"replies":[{"embeddable":true,"href":"https:\/\/www.culturaviva.fr\/index.php\/wp-json\/wp\/v2\/comments?post=249"}],"version-history":[{"count":64,"href":"https:\/\/www.culturaviva.fr\/index.php\/wp-json\/wp\/v2\/pages\/249\/revisions"}],"predecessor-version":[{"id":1520,"href":"https:\/\/www.culturaviva.fr\/index.php\/wp-json\/wp\/v2\/pages\/249\/revisions\/1520"}],"wp:featuredmedia":[{"embeddable":true,"href":"https:\/\/www.culturaviva.fr\/index.php\/wp-json\/wp\/v2\/media\/283"}],"wp:attachment":[{"href":"https:\/\/www.culturaviva.fr\/index.php\/wp-json\/wp\/v2\/media?parent=249"}],"curies":[{"name":"wp","href":"https:\/\/api.w.org\/{rel}","templated":true}]}}