{"id":28,"date":"2018-02-05T17:23:46","date_gmt":"2018-02-05T16:23:46","guid":{"rendered":"http:\/\/fictif.duckdns.org\/wordpress\/?page_id=28"},"modified":"2025-09-08T14:30:34","modified_gmt":"2025-09-08T12:30:34","slug":"cours-de-langue","status":"publish","type":"page","link":"https:\/\/www.culturaviva.fr\/index.php\/cours-de-langue\/","title":{"rendered":"Langue corse"},"content":{"rendered":"<p>Apprendre la langue corse \u00e0 Paris \/ <em>Ampar\u00e0 a lingua corsa in Parigi<\/em><\/p>\n<p><img loading=\"lazy\" decoding=\"async\" class=\"size-full wp-image-61 aligncenter\" src=\"https:\/\/www.culturaviva.fr\/wp-content\/uploads\/2018\/02\/langue_corse.jpg\" alt=\"Cours de langue corse et chant corse \u00e0 Paris, ateliers de langue et polyphonie corse, chanson corse avec guitare en r\u00e9gion parisienne\" width=\"289\" height=\"174\" \/><\/p>\n<p style=\"text-align: justify;\"><span style=\"font-family: 'Verdana','sans-serif'; color: black;\">L&rsquo;association Cultura Viva dispense des cours de corse d&rsquo;une dur\u00e9e d&rsquo;1h30 au profit de personnes de tous \u00e2ges, qu&rsquo;elles soient d\u00e9butantes ou pratiquantes avec un niveau de compr\u00e9hension correct.<\/span><\/p>\n<p style=\"text-align: justify;\"><span style=\"font-family: 'Verdana','sans-serif'; color: black;\">Le parl\u00e9 (nord ou sud), les m\u00e9thodes et outils p\u00e9dagogiques varient selon les animateurs.<\/span><\/p>\n<p><span style=\"font-family: 'Verdana','sans-serif'; color: black;\">Les cours d\u00e9butent la derni\u00e8re semaine de septembre et se terminent \u00e0 la fin du mois de juin.\u00a0<\/span><\/p>\n<p style=\"text-align: justify;\"><span style=\"font-family: 'Verdana','sans-serif'; color: black;\">Les cours se d\u00e9roulent principalement \u00e0 Issy les Moulineaux (pr\u00e8s de la mairie), \u00e0 un rythme hebdomadaire, sauf pendant les <a href=\"https:\/\/www.service-public.fr\/particuliers\/vosdroits\/F31952\">vacances scolaires<\/a>.<\/span><\/p>\n<p><em>Modalit\u00e9s pratiques :<\/em><\/p>\n<ul>\n<li>D\u00e9butants :\n<ul>\n<li>Veronica : lundi de 18h30 \u00e0 20h \u00e0 la Casa d&rsquo;Issy les Moulineaux *<\/li>\n<\/ul>\n<\/li>\n<li>D\u00e9butants et interm\u00e9diaires :\n<ul>\n<li>Duardu : jeudi de 20h \u00e0 21h30 \u00e0 la Casa d&rsquo;Issy les Moulineaux *<\/li>\n<\/ul>\n<\/li>\n<li>Interm\u00e9diaires :\n<ul>\n<li>Veronica : jeudi de 18h30 \u00e0 20h \u00e0 la Casa d&rsquo;Issy les Moulineaux *<\/li>\n<\/ul>\n<\/li>\n<li>Pratiquants :\n<ul>\n<li>Jean-\u00c9tienne : mardi de 19h \u00e0 20h30 \u00e0 la Maison Paroissiale \u00c9tienne Pernet<\/li>\n<li>Veronica : jeudi de 17h \u00e0 18h30 \u00e0 la Casa d&rsquo;Issy les Moulineaux *<\/li>\n<\/ul>\n<\/li>\n<\/ul>\n<p style=\"text-align: justify;\">* <a href=\"http:\/\/culturaviva.fr\/index.php\/plans\/\" target=\"_blank\" rel=\"noopener\">A Casa di u Populu Corsu<\/a>, 51 bis rue du G\u00e9n\u00e9ral Leclerc \u00e0 Issy les Moulineaux<\/p>\n<p>Les animateurs en charge de l&rsquo;enseignement de la langue corse au sein de l&rsquo;association Cultura Viva sont :<\/p>\n<ul>\n<li>Veronica Govi, originaire de <a href=\"https:\/\/www.geoportail.gouv.fr\/carte?c=9.220617495540477,42.09893561311057&amp;z=13&amp;l0=GEOGRAPHICALGRIDSYSTEMS.MAPS::GEOPORTAIL:OGC:WMTS(1)&amp;permalink=yes\" target=\"_blank\" rel=\"noopener\">Ghisoni<\/a> (Haute-Corse)<\/li>\n<li>Duardu Virgitti, originaire de <a href=\"https:\/\/www.geoportail.gouv.fr\/carte?c=9.153729,42.30889&amp;z=13&amp;l0=GEOGRAPHICALGRIDSYSTEMS.MAPS::GEOPORTAIL:OGC:WMTS(1)&amp;permalink=yes\">Corti<\/a> et <a href=\"https:\/\/www.geoportail.gouv.fr\/carte?c=9.491044,42.331483&amp;z=13&amp;l0=GEOGRAPHICALGRIDSYSTEMS.MAPS::GEOPORTAIL:OGC:WMTS(1)&amp;permalink=yes\">Cervioni<\/a> (Haute-Corse)<\/li>\n<li>Jean-\u00c9tienne Giamarchi, originaire de <a href=\"https:\/\/www.geoportail.gouv.fr\/carte?c=9.050692499139819,42.34898852389705&amp;z=13&amp;l0=GEOGRAPHICALGRIDSYSTEMS.MAPS::GEOPORTAIL:OGC:WMTS(1)&amp;permalink=yes\" target=\"_blank\" rel=\"noopener\">Corscia<\/a> (Haute-Corse)<\/li>\n<\/ul>\n<p>Les personnes int\u00e9ress\u00e9es par l&rsquo;atelier de langue sont pri\u00e9es d&rsquo;utiliser le formulaire disponible sur notre page <a href=\"https:\/\/www.culturaviva.fr\/index.php\/contact\/\">Contact<\/a> et de cocher la case \u00ab Atelier de langue \u00bb<\/p>\n<p>Achille Franceschi propose \u00e9galement des cours particuliers. N&rsquo;h\u00e9sitez-pas \u00e0 le contacter \u00e0 l&rsquo;aide de cet autre <a href=\"https:\/\/www.culturaviva.fr\/index.php\/formulaire-de-contact-cours-particulier\/\">formulaire<\/a>.<\/p>\n<p>&nbsp;<\/p>\n<p><img loading=\"lazy\" decoding=\"async\" class=\"wp-image-60 size-thumbnail aligncenter\" src=\"http:\/\/culturaviva.fr\/wp-content\/uploads\/2018\/02\/livre-corse-150x150.jpg\" alt=\"\" width=\"150\" height=\"150\" srcset=\"https:\/\/www.culturaviva.fr\/wp-content\/uploads\/2018\/02\/livre-corse-150x150.jpg 150w, https:\/\/www.culturaviva.fr\/wp-content\/uploads\/2018\/02\/livre-corse-300x300.jpg 300w, https:\/\/www.culturaviva.fr\/wp-content\/uploads\/2018\/02\/livre-corse-768x768.jpg 768w, https:\/\/www.culturaviva.fr\/wp-content\/uploads\/2018\/02\/livre-corse.jpg 1000w\" sizes=\"auto, (max-width: 150px) 100vw, 150px\" \/><\/p>\n<hr \/>\n<p>L&rsquo;objectif est d&rsquo;int\u00e9grer assez vite la grammaire, l&rsquo;orthographe, la syntaxe pour tenter d&rsquo;obtenir, de la part des apprenants, des textes courts en vers ou en prose, des chansons par exemple, des sayn\u00e8tes&#8230;<\/p>\n<p style=\"text-align: justify;\">Cet apprentissage de la langue pourra s&rsquo;appuyer sur des m\u00e9thodes telles que\u00a0 :<\/p>\n<ul>\n<li style=\"text-align: justify;\"><span style=\"font-size: 1rem;\">Le Corse sans Peine par Pascal Marchetti, Ed. Assimil<\/span><\/li>\n<li>Le Corse en 3 CD par Fran\u00e7ois-Marie Perfettini, Ed. Mediterraneu<\/li>\n<li>In Corsu &#8211; Apprenez le corse en un clic !, Centre Culturel de L&rsquo;Universit\u00e9 de Corse<\/li>\n<li>U Corsu Bellu Bellu, M\u00e9thode multim\u00e9dia, Coll\u00e8ge et Lyc\u00e9e, CRDP de Corse<\/li>\n<li>Ortugrafia et Gramatica classica par Gilbert Romani<\/li>\n<li>Sites internet Interrromania, Educorsica, &#8230;<\/li>\n<li>Etc, &#8230;<\/li>\n<\/ul>\n<p>L&rsquo;oral est privil\u00e9gi\u00e9 \u00e0 partir de supports tels que :<\/p>\n<ul>\n<li>Un extrait audio (radio RCFM&#8230;)<\/li>\n<li>Un extrait vid\u00e9o (t\u00e9l\u00e9vision France 3 Corse, Via Stella,&#8230;)<\/li>\n<li>Un extrait musical (po\u00e9sies, chants&#8230;)<\/li>\n<\/ul>\n<p style=\"text-align: justify;\">Il s&rsquo;agit de s&rsquo;immerger dans un bain de langue, d&rsquo;avoir une formation de l&rsquo;oreille et donc de l&rsquo;appropriation de l&rsquo;idiome. L&rsquo;objectif final est de d\u00e9clencher des productions langagi\u00e8res telles que des dialogues, des commentaires d&rsquo;images, de tableaux&#8230;<\/p>\n<p style=\"text-align: justify;\">L&rsquo;\u00e9crit pourra s&rsquo;articuler autour de textes d&rsquo;auteurs anciens et modernes, en prose ou en vers, tels que : G. Nottini, Ghjaseppu Maria Bonavita ou encore Ghjacumu Fusina, Ghjacumu Thiers, Ghjuvan&rsquo;Ghjacumu Franchi, etc, &#8230;<\/p>\n","protected":false},"excerpt":{"rendered":"<p>Apprendre la langue corse \u00e0 Paris \/ Ampar\u00e0 a lingua corsa in Parigi L&rsquo;association Cultura Viva dispense des cours de corse d&rsquo;une dur\u00e9e d&rsquo;1h30 au profit de personnes de tous \u00e2ges, qu&rsquo;elles soient d\u00e9butantes ou pratiquantes avec un niveau de compr\u00e9hension correct. Le parl\u00e9 (nord ou sud), les m\u00e9thodes et outils p\u00e9dagogiques varient selon les &hellip; <\/p>\n<p class=\"link-more\"><a href=\"https:\/\/www.culturaviva.fr\/index.php\/cours-de-langue\/\" class=\"more-link\">Continuer la lecture<span class=\"screen-reader-text\"> de &laquo;&nbsp;Langue corse&nbsp;&raquo;<\/span><\/a><\/p>\n","protected":false},"author":1,"featured_media":279,"parent":0,"menu_order":0,"comment_status":"closed","ping_status":"closed","template":"","meta":{"footnotes":""},"class_list":["post-28","page","type-page","status-publish","has-post-thumbnail","hentry"],"_links":{"self":[{"href":"https:\/\/www.culturaviva.fr\/index.php\/wp-json\/wp\/v2\/pages\/28","targetHints":{"allow":["GET"]}}],"collection":[{"href":"https:\/\/www.culturaviva.fr\/index.php\/wp-json\/wp\/v2\/pages"}],"about":[{"href":"https:\/\/www.culturaviva.fr\/index.php\/wp-json\/wp\/v2\/types\/page"}],"author":[{"embeddable":true,"href":"https:\/\/www.culturaviva.fr\/index.php\/wp-json\/wp\/v2\/users\/1"}],"replies":[{"embeddable":true,"href":"https:\/\/www.culturaviva.fr\/index.php\/wp-json\/wp\/v2\/comments?post=28"}],"version-history":[{"count":17,"href":"https:\/\/www.culturaviva.fr\/index.php\/wp-json\/wp\/v2\/pages\/28\/revisions"}],"predecessor-version":[{"id":1457,"href":"https:\/\/www.culturaviva.fr\/index.php\/wp-json\/wp\/v2\/pages\/28\/revisions\/1457"}],"wp:featuredmedia":[{"embeddable":true,"href":"https:\/\/www.culturaviva.fr\/index.php\/wp-json\/wp\/v2\/media\/279"}],"wp:attachment":[{"href":"https:\/\/www.culturaviva.fr\/index.php\/wp-json\/wp\/v2\/media?parent=28"}],"curies":[{"name":"wp","href":"https:\/\/api.w.org\/{rel}","templated":true}]}}

<p>Apprendre la langue corse à Paris / <em>Amparà a lingua corsa in Parigi</em></p>
<p><img loading="lazy" decoding="async" class="size-full wp-image-61 aligncenter" src="https://www.culturaviva.fr/wp-content/uploads/2018/02/langue_corse.jpg" alt="Cours de langue corse et chant corse à Paris, ateliers de langue et polyphonie corse, chanson corse avec guitare en région parisienne" width="289" height="174" /></p>
<p style="text-align: justify;"><span style="font-family: 'Verdana','sans-serif'; color: black;">L&rsquo;association Cultura Viva dispense des cours de corse d&rsquo;une durée d&rsquo;1h30 au profit de personnes de tous âges, qu&rsquo;elles soient débutantes ou pratiquantes avec un niveau de compréhension correct.</span></p>
<p style="text-align: justify;"><span style="font-family: 'Verdana','sans-serif'; color: black;">Le parlé (nord ou sud), les méthodes et outils pédagogiques varient selon les animateurs.</span></p>
<p><span style="font-family: 'Verdana','sans-serif'; color: black;">Les cours débutent la dernière semaine de septembre et se terminent à la fin du mois de juin. </span></p>
<p style="text-align: justify;"><span style="font-family: 'Verdana','sans-serif'; color: black;">Les cours se déroulent principalement à Issy les Moulineaux (près de la mairie), à un rythme hebdomadaire, sauf pendant les <a href="https://www.service-public.fr/particuliers/vosdroits/F31952">vacances scolaires</a>.</span></p>
<p><em>Modalités pratiques :</em></p>
<ul>
<li>Débutants :
<ul>
<li>Veronica : lundi de 18h30 à 20h à la Casa d&rsquo;Issy les Moulineaux *</li>
</ul>
</li>
<li>Débutants et intermédiaires :
<ul>
<li>Duardu : jeudi de 20h à 21h30 à la Casa d&rsquo;Issy les Moulineaux *</li>
</ul>
</li>
<li>Intermédiaires :
<ul>
<li>Veronica : jeudi de 18h30 à 20h à la Casa d&rsquo;Issy les Moulineaux *</li>
</ul>
</li>
<li>Pratiquants :
<ul>
<li>Jean-Étienne : mardi de 19h à 20h30 à la Maison Paroissiale Étienne Pernet</li>
<li>Veronica : jeudi de 17h à 18h30 à la Casa d&rsquo;Issy les Moulineaux *</li>
</ul>
</li>
</ul>
<p style="text-align: justify;">* <a href="http://culturaviva.fr/index.php/plans/" target="_blank" rel="noopener">A Casa di u Populu Corsu</a>, 51 bis rue du Général Leclerc à Issy les Moulineaux</p>
<p>Les animateurs en charge de l&rsquo;enseignement de la langue corse au sein de l&rsquo;association Cultura Viva sont :</p>
<ul>
<li>Veronica Govi, originaire de <a href="https://www.geoportail.gouv.fr/carte?c=9.220617495540477,42.09893561311057&amp;z=13&amp;l0=GEOGRAPHICALGRIDSYSTEMS.MAPS::GEOPORTAIL:OGC:WMTS(1)&amp;permalink=yes" target="_blank" rel="noopener">Ghisoni</a> (Haute-Corse)</li>
<li>Duardu Virgitti, originaire de <a href="https://www.geoportail.gouv.fr/carte?c=9.153729,42.30889&amp;z=13&amp;l0=GEOGRAPHICALGRIDSYSTEMS.MAPS::GEOPORTAIL:OGC:WMTS(1)&amp;permalink=yes">Corti</a> et <a href="https://www.geoportail.gouv.fr/carte?c=9.491044,42.331483&amp;z=13&amp;l0=GEOGRAPHICALGRIDSYSTEMS.MAPS::GEOPORTAIL:OGC:WMTS(1)&amp;permalink=yes">Cervioni</a> (Haute-Corse)</li>
<li>Jean-Étienne Giamarchi, originaire de <a href="https://www.geoportail.gouv.fr/carte?c=9.050692499139819,42.34898852389705&amp;z=13&amp;l0=GEOGRAPHICALGRIDSYSTEMS.MAPS::GEOPORTAIL:OGC:WMTS(1)&amp;permalink=yes" target="_blank" rel="noopener">Corscia</a> (Haute-Corse)</li>
</ul>
<p>Les personnes intéressées par l&rsquo;atelier de langue sont priées d&rsquo;utiliser le formulaire disponible sur notre page <a href="https://www.culturaviva.fr/index.php/contact/">Contact</a> et de cocher la case « Atelier de langue »</p>
<p>Achille Franceschi propose également des cours particuliers. N&rsquo;hésitez-pas à le contacter à l&rsquo;aide de cet autre <a href="https://www.culturaviva.fr/index.php/formulaire-de-contact-cours-particulier/">formulaire</a>.</p>
<p>&nbsp;</p>
<p><img loading="lazy" decoding="async" class="wp-image-60 size-thumbnail aligncenter" src="http://culturaviva.fr/wp-content/uploads/2018/02/livre-corse-150x150.jpg" alt="" width="150" height="150" srcset="https://www.culturaviva.fr/wp-content/uploads/2018/02/livre-corse-150x150.jpg 150w, https://www.culturaviva.fr/wp-content/uploads/2018/02/livre-corse-300x300.jpg 300w, https://www.culturaviva.fr/wp-content/uploads/2018/02/livre-corse-768x768.jpg 768w, https://www.culturaviva.fr/wp-content/uploads/2018/02/livre-corse.jpg 1000w" sizes="auto, (max-width: 150px) 100vw, 150px" /></p>
<hr />
<p>L&rsquo;objectif est d&rsquo;intégrer assez vite la grammaire, l&rsquo;orthographe, la syntaxe pour tenter d&rsquo;obtenir, de la part des apprenants, des textes courts en vers ou en prose, des chansons par exemple, des saynètes&#8230;</p>
<p style="text-align: justify;">Cet apprentissage de la langue pourra s&rsquo;appuyer sur des méthodes telles que  :</p>
<ul>
<li style="text-align: justify;"><span style="font-size: 1rem;">Le Corse sans Peine par Pascal Marchetti, Ed. Assimil</span></li>
<li>Le Corse en 3 CD par François-Marie Perfettini, Ed. Mediterraneu</li>
<li>In Corsu &#8211; Apprenez le corse en un clic !, Centre Culturel de L&rsquo;Université de Corse</li>
<li>U Corsu Bellu Bellu, Méthode multimédia, Collège et Lycée, CRDP de Corse</li>
<li>Ortugrafia et Gramatica classica par Gilbert Romani</li>
<li>Sites internet Interrromania, Educorsica, &#8230;</li>
<li>Etc, &#8230;</li>
</ul>
<p>L&rsquo;oral est privilégié à partir de supports tels que :</p>
<ul>
<li>Un extrait audio (radio RCFM&#8230;)</li>
<li>Un extrait vidéo (télévision France 3 Corse, Via Stella,&#8230;)</li>
<li>Un extrait musical (poésies, chants&#8230;)</li>
</ul>
<p style="text-align: justify;">Il s&rsquo;agit de s&rsquo;immerger dans un bain de langue, d&rsquo;avoir une formation de l&rsquo;oreille et donc de l&rsquo;appropriation de l&rsquo;idiome. L&rsquo;objectif final est de déclencher des productions langagières telles que des dialogues, des commentaires d&rsquo;images, de tableaux&#8230;</p>
<p style="text-align: justify;">L&rsquo;écrit pourra s&rsquo;articuler autour de textes d&rsquo;auteurs anciens et modernes, en prose ou en vers, tels que : G. Nottini, Ghjaseppu Maria Bonavita ou encore Ghjacumu Fusina, Ghjacumu Thiers, Ghjuvan&rsquo;Ghjacumu Franchi, etc, &#8230;</p>

<p>Apprendre la langue corse à Paris / Amparà a lingua corsa in Parigi L&rsquo;association Cultura Viva dispense des cours de corse d&rsquo;une durée d&rsquo;1h30 au profit de personnes de tous âges, qu&rsquo;elles soient débutantes ou pratiquantes avec un niveau de compréhension correct. Le parlé (nord ou sud), les méthodes et outils pédagogiques varient selon les &hellip; </p>
<p class="link-more"><a href="https://www.culturaviva.fr/index.php/cours-de-langue/" class="more-link">Continuer la lecture<span class="screen-reader-text"> de &laquo;&nbsp;Langue corse&nbsp;&raquo;</span></a></p>
