{"id":89,"date":"2018-02-10T18:17:31","date_gmt":"2018-02-10T17:17:31","guid":{"rendered":"http:\/\/fictif.duckdns.org\/wordpress\/?page_id=89"},"modified":"2026-02-15T00:04:41","modified_gmt":"2026-02-14T23:04:41","slug":"concerts","status":"publish","type":"page","link":"https:\/\/www.culturaviva.fr\/index.php\/concerts\/","title":{"rendered":"Concerts"},"content":{"rendered":"\n<p>Concert du <strong>groupe A STONDA<\/strong><\/p>\n\n\n\n<p><a href=\"https:\/\/www.culturaviva.fr\/wp-content\/uploads\/2026\/02\/A-Stonda-2026-02-Affiche-concert-Issy-les-Moulineaux-r-v2.jpg\" data-type=\"link\" data-id=\"https:\/\/www.culturaviva.fr\/wp-content\/uploads\/2026\/02\/A-Stonda-2026-02-Affiche-concert-Issy-les-Moulineaux-r-v2.jpg\">Vendredi 10 avril 2026 \u00e0 20h en l&rsquo;\u00e9glise Saint-Flaive \u00e0 Ermont (95 ).<\/a><\/p>\n\n\n\n<p>Libre participation aux frais.<\/p>\n\n\n\n<p>N&rsquo;h\u00e9sitez-pas \u00e0 partager l&rsquo;information.<\/p>\n\n\n\n<hr class=\"wp-block-separator has-alpha-channel-opacity\"\/>\n\n\n\n<p><\/p>\n\n\n\n<hr class=\"wp-block-separator has-alpha-channel-opacity\"\/>\n\n\n\n<p><strong>Concert de chants traditionnels corses du trio Sarocchi : <\/strong><a href=\"https:\/\/sarocchi.com\/\" target=\"_blank\" rel=\"noreferrer noopener\">date \u00e0 venir<\/a>.<\/p>\n\n\n\n<hr class=\"wp-block-separator has-alpha-channel-opacity\"\/>\n\n\n\n<p><\/p>\n","protected":false},"excerpt":{"rendered":"<p>Concert du groupe A STONDA Vendredi 10 avril 2026 \u00e0 20h en l&rsquo;\u00e9glise Saint-Flaive \u00e0 Ermont (95 ). Libre participation aux frais. N&rsquo;h\u00e9sitez-pas \u00e0 partager l&rsquo;information. Concert de chants traditionnels corses du trio Sarocchi : date \u00e0 venir.<\/p>\n","protected":false},"author":1,"featured_media":0,"parent":0,"menu_order":0,"comment_status":"closed","ping_status":"closed","template":"","meta":{"footnotes":""},"class_list":["post-89","page","type-page","status-publish","hentry"],"_links":{"self":[{"href":"https:\/\/www.culturaviva.fr\/index.php\/wp-json\/wp\/v2\/pages\/89","targetHints":{"allow":["GET"]}}],"collection":[{"href":"https:\/\/www.culturaviva.fr\/index.php\/wp-json\/wp\/v2\/pages"}],"about":[{"href":"https:\/\/www.culturaviva.fr\/index.php\/wp-json\/wp\/v2\/types\/page"}],"author":[{"embeddable":true,"href":"https:\/\/www.culturaviva.fr\/index.php\/wp-json\/wp\/v2\/users\/1"}],"replies":[{"embeddable":true,"href":"https:\/\/www.culturaviva.fr\/index.php\/wp-json\/wp\/v2\/comments?post=89"}],"version-history":[{"count":15,"href":"https:\/\/www.culturaviva.fr\/index.php\/wp-json\/wp\/v2\/pages\/89\/revisions"}],"predecessor-version":[{"id":1509,"href":"https:\/\/www.culturaviva.fr\/index.php\/wp-json\/wp\/v2\/pages\/89\/revisions\/1509"}],"wp:attachment":[{"href":"https:\/\/www.culturaviva.fr\/index.php\/wp-json\/wp\/v2\/media?parent=89"}],"curies":[{"name":"wp","href":"https:\/\/api.w.org\/{rel}","templated":true}]}}